(0)?
-16
Let o(a) = 43*a - 1201. Let i be ((12/42)/(6/98))/(238/1428). Give o(i).
3
Let n(l) = 15*l**2 + 57*l - 43. Let h(i) = 7*i**2 + 27*i - 20. Let t(y) = 13*h(y) - 6*n(y). Give t(-4).
-22
Let l(g) = -4*g**3 + 3*g**2 - 15*g - 10. Let k(h) = 2*h**3 - 2*h**2 + 8*h + 5. Let t(b) = -9*k(b) - 5*l(b). Determine t(-3).
-31
Let q be (45/(-6))/(55/(-220) - (-14)/8). Let p(n) = 13*n + 72. Determine p(q).
7
Let u be (-424)/64 - 15/40. Let y(z) = 3*z - 49. Let i(g) = 2*g - 34. Let f(s) = u*i(s) + 5*y(s). Give f(12).
5
Let m(j) be the first derivative of -j**3/3 - 3*j**2/2 + 4*j + 3786. What is m(0)?
4
Let s(d) be the second derivative of d**5/10 + d**4/3 - d**3/2 - 5*d**2/2 + 8886*d. Calculate s(-4).
-57
Let t(i) = -i**3 - 11*i**2 + 8*i - 4. Suppose 53 + 255 = -28*w. Let u(f) = 6*f**3 + 57*f**2 - 40*f + 18. Let g(z) = w*t(z) - 2*u(z). Give g(6).
-4
Let j(k) = -7*k - 54. Suppose -1048 = -38*i + 133*i + 92. Calculate j(i).
30
Suppose 64*h + 70 = 71*h. Let c(r) = -5*r + h - 20 + 7*r + 3*r + 15. Give c(-10).
-45
Let n(z) = -4*z + 23. Let j be n(5). Let t(b) = 3*b - 7. Let a(l) = l - 3. Let w(y) = j*t(y) - 6*a(y). Give w(4).
9
Let k(s) = 2*s - 2. Suppose -12*d = -11*d - 4. Let p be (10/(-8))/5 - (-13)/d. Suppose 2*w = 3*i - p, 2*i - 9 = -i. Give k(w).
4
Let t(s) = -2*s**2 - s. Let z(x) be the first derivative of x**3 + 11*x**2/2 - 20*x - 59. Let m(l) = 2*t(l) + z(l). Determine m(6).
-2
Let c(x) = 11*x**3 - 3*x**2 - 10*x + 75. Let o(k) = 2*k**3 + 3*k. Let i(m) = c(m) - 5*o(m). Calculate i(3).
0
Let d(s) = -2*s + 1. Let b be (-15)/(-5 - -2) + 11. Suppose -b = -4*g - 12. Give d(g).
-1
Suppose 4*u + 5*n - 401 = -395, -u - n + 2 = 0. Let p(r) = -r**3 + 4*r**2 + 5*r - 9. What is p(u)?
11
Let a(z) = 1483*z + 3 - 4451*z + 2 + 1483*z + 1481*z. Let j(h) = -h**3 - 13*h**2 - 13*h - 16. Let t be j(-12). Determine a(t).
21
Let s(z) = -9*z**2 + 3 + 0*z**2 - 5*z + 7*z**2 + 0*z**2. Let n(a) = -9*a - 526. Let u be n(-58). Determine s(u).
-9
Let b(c) = -48*c. Let i(n) = 382*n - 46. Let q(m) = -8*b(m) - i(m). Calculate q(-14).
18
Let o(y) = y**2 + 4*y - 6. Suppose 263 = -115*g - 427. What is o(g)?
6
Suppose -y + 4 = -2. Let c(d) be the second derivative of -1/6*d**3 + 143*d + 0 + 7/2*d**2. Determine c(y).
1
Let w(g) = 4*g**2 - 2*g - 29. Let p(x) = -256*x - 3844. Let f be p(-15). Give w(f).
43
Suppose 6*t + 21 = -9. Let a be t/(-10) + (-3)/(-6) - -4. Let z(l) = -l**2 - 2*l + 6. Calculate z(a).
-29
Let w(x) = -3*x**3 - x**2 - 7*x + 5. Let r be w(-3). Let k(v) = -85 - r - v + 170. Let l = -8 - -2. Give k(l).
-7
Let q(l) = -7*l**3 - 19*l**2 - 9*l - 3. Let r(z) = -4*z**3 - 10*z**2 - 5*z - 2. Let s be (-989)/184 + 6/16. Let i(h) = s*r(h) + 3*q(h). What is i(-6)?
-23
Suppose -2*c - 4*n - 35 + 143 = 0, c - 2*n - 62 = 0. Let m = -63 + c. Let k(a) = a**3 + 3*a**2 - 7*a. Calculate k(m).
-15
Let s(y) = -3*y + 25. Suppose -2*t + 1114 = 2*n + 1102, -12 = -2*n + 2*t. Calculate s(n).
7
Let i(x) = -28 - x + 22*x**2 + 29 - 19*x**2. Let v(f) = -1. Let j(p) = -p**2 - 10*p - 16. Let q(d) = -j(d) - 2*v(d). Let a be q(-8). Give i(a).
11
Let g = -119 + 149. Suppose 0 = 3*b - 6, 5*p - 2*b + 14 = g. Let z(u) = 2*u**2 - 6*u + 2. What is z(p)?
10
Let y(l) be the third derivative of -7*l**4/4 - 29*l**3/2 + 3712*l**2 - 2. Determine y(-2).
-3
Let i(t) = -9*t**2 + 3*t + 122. Let x(q) = -6*q**2 + 2*q + 78. Let o(y) = -5*i(y) + 8*x(y). What is o(-4)?
-38
Let m be 28/10 + 2 - (-329)/1645. Let h(r) = -4*r - 2. Calculate h(m).
-22
Suppose 16*g = 7 + 25. Let u(x) = -186 + 7*x**g + 8*x + 186 - x**3. Give u(8).
0
Let p(r) = -r - 9. Suppose -7*m - 6 = -3*c - 11*m, -2*c + 4 = m. Let w be p(c). Let u(a) = -10*a**2 + a - a**2 - a**3 + 0*a**2 + 16. Determine u(w).
5
Let r = -4520 - -4520. Let s(w) be the third derivative of r - 1/12*w**4 + 1/60*w**5 + 0*w + 2/3*w**3 + 4*w**2. What is s(3)?
7
Let k(f) = 2*f - 34. Let p be k(18). Let m(b) = -3 + 3*b**2 + 3*b + 8*b**2 - 4*b**p - 6*b**2. Let w(g) = g**2 + 14*g + 30. Let d be w(-11). Calculate m(d).
-3
Let s(y) = 8*y + 1793 + 1693 - 3575 + 0*y. Calculate s(11).
-1
Suppose -4*i + 4 = -16. Let p be (-5)/((-10)/8) - (-2 - -6). Suppose -4*o = -2*z + 4, i*z - 10 = -p*o - o. Let q(j) = j**3 + j**2 - j + 5. What is q(o)?
5
Let j(v) be the third derivative of v**6/60 - v**5/15 - v**4/4 - 5*v**3/6 - 2383*v**2 + 1. What is j(4)?
35
Let w(y) be the first derivative of -259 + 1/2*y**2 - 3*y. Let i be (-3 + 2)*(-8)/2. What is w(i)?
1
Let u(s) be the first derivative of s**4/24 + 5*s**3 - 9*s**2/2 + 6*s + 186. Let x(d) be the second derivative of u(d). Determine x(0).
30
Let h(c) be the first derivative of 0*c**3 + 24 - 9/2*c**4 - 1/2*c**2 + 0*c. Determine h(-1).
19
Let c be 4 - ((1 - -5) + 1 - 5). Let t(b) = 2*b + b + 9347*b**c + 2 - 9348*b**2. Give t(5).
-8
Let i = 4366 - 4377. Let x(f) = 7*f + 21. Give x(i).
-56
Suppose 9*a - 63 = 2*a. Let v(u) = -2*u**2 + a*u**2 + 186*u - 185*u. Give v(1).
8
Let q(d) = d**3 - 2*d**2 - 5*d - 7. Suppose -7*v + 3648 = 3669. What is q(v)?
-37
Let n = 24 + -18. Suppose 2*h + 2*d - 158 = -2*h, 3*h - d - 131 = 0. Let m(x) = -h - 4*x + n*x + 35. Determine m(9).
11
Let r = 97 - 90. Let x = r - 5. Let v(y) = 5*y + 3*y**2 - 4*y**x - 4*y - 4*y**2 + y**3. Determine v(5).
5
Let s be (-6)/(-21) + (-15)/(420/(-272)). Let j(o) be the third derivative of o**6/120 - 11*o**5/60 + o**4/3 + 13*o**3/6 + 3*o**2 + 34*o. What is j(s)?
-7
Let w = -141 + 147. Suppose -h = w*h - 308. Suppose 14*f + h = 3*f. Let z(g) = -g**2 + 5. Give z(f).
-11
Let z be -17*(2 - 1)/1. Let q = z - -20. Let s be ((-12)/q - -7) + 4. Let y(o) = o**2 - 6*o - 1. What is y(s)?
6
Let m(h) = 0 + 3 + 7 + 24*h - 27*h - 1. Let j = -3 - -7. What is m(j)?
-3
Let l(n) be the first derivative of -n**4/4 + n**3 - n**2 + 12*n - 1299. Give l(3).
6
Let f(l) = -3*l**2 - 8*l + 69. Let d be f(6). Let v = d - -86. Let o(s) = -3*s**3 + s**2 + s + 1. What is o(v)?
4
Let f(u) = -u**2 + 5*u + 2. Let n(c) = 7*c**3 + 2*c**2 - 2*c - 1. Let x be 18/24*2 + (-1)/2. Let d be n(x). Calculate f(d).
-4
Let f(b) = -b + 7. Let j be f(4). Let u(z) be the second derivative of -z**4/12 + z**3/6 + z**2/2 - 2*z + 8. Determine u(j).
-5
Let v(x) be the second derivative of 1/2*x**3 - 1/2*x**2 + 1/2*x**4 + 40*x + 0 - 1/20*x**5. Determine v(6).
17
Suppose 56*u = 60*u - 44. Let v(x) = u - 12*x - 16*x - 13 + 15*x. What is v(-1)?
11
Let a(t) = 11*t**2 - 10*t - 1. Let g(v) = 2*v. Let f be -26 + 24 + (2 - (-1 - 0)). Let m(h) = f*a(h) + 5*g(h). Give m(-1).
10
Let d(r) = 43*r - 22*r - 49*r + 4*r**2 + 9. What is d(7)?
9
Let x be ((-9)/14)/(3/(-52)) - (-6)/7. Let o(y) = -70*y + 835. Calculate o(x).
-5
Let g(r) = -r**2 + r. Let u(f) = 15*f**2 - 4*f - 1. Let t(o) = -4*g(o) - u(o). Let m(y) = y**3 - 9*y**2 + 12*y + 15. Let k be m(7). What is t(k)?
-10
Let p(c) = 16*c - 26. Let n(r) = -92*r - 7082. Let u be n(-77). Determine p(u).
6
Let q(u) = -4*u**2 - 45*u - 10. Let c be q(-11). Let d(f) = 8*f - 15*f + 4*f + c + 0*f**2 + 2*f**2 - 3. Let b be -3*(-1 + 2 - 2). Determine d(b).
7
Suppose 94*i - 16 = l + 98*i, 4*i = -16. Let c(j) = -j**2 - 17. Determine c(l).
-17
Let k(l) = l + 5. Let d = -40 - -48. Let j be 6/d*(-438)/9*-2. Let u = j + -76. What is k(u)?
2
Let y(q) = -2 + q + 0 + 4. Let a(c) = 168*c - 7214. Let x be a(43). Determine y(x).
12
Let g(c) = -c**2 - 2*c - 35*c - 46*c - 4 + 77*c. Let l = -2 - 2. Determine g(l).
4
Let z(o) = o**3 - 80*o**2 + 248*o - 39. Let k(f) = -6*f**2 - 2*f - 1. Let s(d) = -6*k(d) + z(d). Give s(37).
4
Let b(x) be the first derivative of 3*x - 160 + 2*x**2 - 2*x**2 + 2*x**2 - 6*x. What is b(2)?
5
Let r(b) = -2*b**2 - 4*b - 8. Suppose -90 = 82*v + 402. Give r(v).
-56
Let p be (-1151)/(-6) - (-15)/90. Let i = p - 194. Let y(m) = 8*m - 1. Determine y(i).
-17
Suppose -7*s = -13 - 22. Let f(h) = -8 - 3*h**2 + s*h - 6*h + 8. What is f(-2)?
-10
Let z(k) = -290*k - 9858. Let m be z(-34). Let v(a) = -a**3 - 2*a**2 + 0 + 4*a**2 - 3. Give v(m).
-3
Let o be (-4 + 0)/((-7 - -11) + -6). Suppose o*i + 37 = 43. Let p(h) = -5*h + 2. Calculate p(i).
-13
Let a(r) = -122*r**3 - r**2 + 3*r + 3. Let o be a(-1). Let n(p) = o*p - 60*p + 2 - 57*p. Determine n(2).
10
Let z(j) = 5*j + 2. Let s(p) = -5*p + 8. Let a(g) = 7*g - 10. Let i(b) = 4*a(b) + 5*s(b). Let q be 2/(0 - (2 + 0)). Let n be i(q). Determine z(n).
-13
Let j(x) = -x - 18. Let i(m) = 5*m + 